t. Let q(g) = g**2 + 9*g + 3. What are the prime factors of q(k)?
3
Suppose 3*r = -9, -5*r - 15 = 2*b + 3*b. Suppose 11 = -b*o + o. Let v = -5 + o. List the prime factors of v.
2, 3
Let d(b) = -6*b - 1. Let i be d(-3). Suppose -301 = -6*h + i. What are the prime factors of h?
53
Suppose 4*w = r + 28, -2*w + 1 = -9. What are the prime factors of (-2)/8 + (-58)/r?
7
Suppose 2*f = 4*f - 30. Suppose 0 = 5*j - f, j + 72 = 3*m - 3*j. List the prime factors of m.
2, 7
Suppose 0 = 13*f - 10*f - 111. List the prime factors of f.
37
List the prime factors of 1*(-3)/6*-112.
2, 7
Let l = -2 - -7. Suppose 3*c = l*o + 20, -2*c - 2 = -4*o - 14. What are the prime factors of c?
2, 5
Let d = 534 - 213. List the prime factors of d.
3, 107
Suppose n + 5 = -4*n. Let z = -11 - -10. List the prime factors of (n/3)/(z/12).
2
Let r be -3 + (2 - -1) + 78. Suppose -4*y + r = f, -2*y - 4*f + 52 = y. List the prime factors of y.
2, 5
Suppose -37 = -5*i + o + 306, -2*i + o + 139 = 0. List the prime factors of i.
2, 17
Suppose 0 = 3*h + f - 143, -4*h + 49 + 139 = 4*f. Suppose -u + 4*u - h = 0. What are the prime factors of u?
2
Let r be (-2 - -9)*(-6)/7. What are the prime factors of (-5 - -13)*r/(-8)?
2, 3
Let z = -49 - -189. Suppose 3*p = 8*p - z. What are the prime factors of p?
2, 7
Let m be -4 - -3 - (2 + -5). Let n = 6 - m. List the prime factors of n.
2
Let k(a) = a**2 - 1. Let i(x) = -5*x**2 + 8*x + 2. Let f(y) = i(y) + 4*k(y). What are the prime factors of f(7)?
5
Suppose 0 = -5*z + 155 - 35. What are the prime factors of z?
2, 3
Let a(j) = -20*j - 4. List the prime factors of a(-2).
2, 3
Let h = 10 + -9. Let y(u) = 11*u**3 + u. List the prime factors of y(h).
2, 3
Let s = 276 - 177. What are the prime factors of s?
3, 11
Suppose 0 = -2*q - q + 2*v + 55, -4*v + 55 = 5*q. Suppose 0 = -5*t + 60 - q. What are the prime factors of t?
3
Suppose 2*x - 3*f - 1 = 0, x = 5*x + 2*f + 6. Let p = 1 - -6. Let q = p + x. List the prime factors of q.
2, 3
Let v(q) = -3*q**2 - 8*q. Let x be v(-6). Let f = x - -89. What are the prime factors of f?
29
Let r be (-2 + 2)/(-1) - -3. Let v(h) = 2 + r + h + 9. List the prime factors of v(-8).
2, 3
Let c(z) = 2*z**2 + 2*z - 1. Let x be c(-2). Suppose -9 = -x*a + 9. Let l = a - -15. List the prime factors of l.
3, 7
Suppose 1 = -z + 7. Suppose i = -z - 0. Let c = i - -10. List the prime factors of c.
2
Let n(w) = w**3 + 12*w**2 - 13*w + 7. Let o be n(-13). Suppose 0 = 3*i - 25 + o. What are the prime factors of i?
2, 3
Suppose -3*z + 186 = -5*z. List the prime factors of 11/(-33)*(z - 0).
31
Suppose 0 = 3*d - 5*x - 0*x - 169, -2*x - 55 = -d. List the prime factors of d.
3, 7
Suppose 0 = 4*m - m - 288. Suppose -3*o - m = -4*w, -2*w + 5*o = -27 - 21. List the prime factors of w.
2, 3
Let w be 9/3 + (-5 - -3). Let l be (-3)/6*(w - 1). Suppose l = -5*c + c + 12. List the prime factors of c.
3
Suppose -5*v = 5, -c - 4*v + 36 = -21. List the prime factors of c.
61
Let h = -7 - -6. Let g be h/(-1) - (-4 - -3). Suppose 0 = 3*y - 3*n - 36, n + g = -n. List the prime factors of y.
11
Suppose 2*y - 7*y + 4*a + 2 = 0, y + 8 = -2*a. Let i = 27 + y. List the prime factors of i.
5
Suppose -2*b + 12 = -0. What are the prime factors of b?
2, 3
Let a(j) = -j**2 - 11*j + 9. Let h be a(-10). Suppose -2*z = -z - h. List the prime factors of z.
19
Let r(o) = -o**3 - 2*o**2 + 3*o - 7. Let u be r(-5). Let n = u + -33. What are the prime factors of n?
2, 5
Let p = -9 - -9. Suppose h + 3*j = -p*j + 46, -3*h + 106 = j. What are the prime factors of h?
2, 17
What are the prime factors of (182/(-28))/((-2)/8)?
2, 13
Let q(w) = w**3 - 6*w**2 + 2*w - 2. Suppose 0 = -5*u + 13 + 17. Let l be q(u). Let c = l + -7. What are the prime factors of c?
3
Let d = 84 + 14. List the prime factors of d.
2, 7
Let a(m) = -5*m**3 + m + 1. Let t be a(-1). Suppose u + t*s - s - 18 = 0, -2*u + 3*s = -3. What are the prime factors of u/10 - 42/(-5)?
3
List the prime factors of (-384)/(-5) - (-2)/10.
7, 11
Suppose 6 = 4*d - 2. Suppose 12 = -d*r + 3*r. What are the prime factors of r?
2, 3
Suppose 4*v - 9*v + 120 = 0. List the prime factors of v.
2, 3
Suppose -3*n + 117 = -0*n. What are the prime factors of (4/(-12))/((-1)/n)?
13
Let s(n) = -2*n + 13. List the prime factors of s(-18).
7
Let n = 0 - -35. Suppose -6*x + n = 4*w - x, 4*w - 3*x - 11 = 0. What are the prime factors of w?
5
Let a = 29 + -15. Let b = a + -1. What are the prime factors of b?
13
Let n = -4 - -4. Suppose 0*u - 4*u + 24 = n. List the prime factors of (u/(-12))/(2/(-68)).
17
Let a(y) = -13*y + 16. Let c(j) = -j + 1. Let v(n) = -2*a(n) + 22*c(n). What are the prime factors of v(11)?
2, 17
Let i(s) = -s**3 + 6*s**2 - 2*s - 5. Let o be i(5). Let a = 22 - o. List the prime factors of a.
2, 3
Let k(u) = -u**3 - 3*u**2 + 8*u - 2. What are the prime factors of k(-6)?
2, 29
Let l(y) = 5*y**2 + 3*y - 1. Let n(f) = -2*f**2 - 9*f - 2. Let i be n(-4). List the prime factors of l(i).
5
Let q = -8 + 86. Suppose 2*f + 9*y = 4*y + q, 0 = 4*f + 4*y - 168. List the prime factors of f.
2, 11
Let f(o) = 2*o**2 - 2*o + 1. Let d be f(1). Let z = d + 1. What are the prime factors of 6 + 1 + (z - 2)?
7
Suppose -40 = -2*x + o, 0*o - 20 = -x - 2*o. What are the prime factors of x/15*6*2?
2
Suppose -6*p = -180 + 24. List the prime factors of p.
2, 13
Let f = -17 + 19. Suppose 4*w = -f*z + 76, 0*z + 84 = 2*z - 4*w. What are the prime factors of z?
2, 5
Let z = -1 + 1. Let i be (-3)/(6 - 0)*z. Suppose i*y + 20 = 4*y. What are the prime factors of y?
5
Let u = 211 - -43. List the prime factors of u.
2, 127
Suppose 2*h = 5*y + 56, -6*h = -3*h + 3*y - 63. List the prime factors of h.
23
Let v = -11 - -23. What are the prime factors of v?
2, 3
Let u = -56 + 82. What are the prime factors of u?
2, 13
Let b = -4 - -4. Let r = 2 + b. What are the prime factors of r?
2
Suppose 0 = 2*u - t - 71, 2*t - 110 = -4*u + 12. What are the prime factors of u?
3, 11
Let p(q) = 2*q**2 - 4*q - 3. Let x be p(3). Suppose 0*k + 96 = x*k. List the prime factors of k.
2
Let i be (8/10)/((-6)/(-120)). Let f be (-5)/(-2)*4 + -1. Let h = i - f. What are the prime factors of h?
7
Let q(i) = i**2 - 3*i - 1. Let f be q(4). Suppose g + f*g = 156. List the prime factors of g.
3, 13
Suppose -v + 4 = -3*v. Let p(x) = -3*x - 3. Let z be p(v). Suppose 0 = -2*i + z*d + 34, 5*i - d = 4*d + 85. What are the prime factors of i?
17
Let s be 3/2*(-1148)/(-21). Suppose 5*n + 4*u = -6 + 101, s = 4*n + 2*u. What are the prime factors of n?
23
Suppose 3*i + i + 2*r + 12 = 0, 2*r + 9 = -i. What are the prime factors of i + (0 - -2) - -25?
2, 13
Let a = -3 + 5. Suppose 5*p - d = 10, p - d - 4 = -a*p. Suppose 0*z - 3*v - 9 = -p*z, 0 = -3*z + v + 7. List the prime factors of z.
2
Suppose -x + 7 + 21 = 0. What are the prime factors of x?
2, 7
Let q be ((-12)/(-10))/((-22)/(-55)). Suppose -4*j = -q*j - 34. What are the prime factors of j?
2, 17
Suppose 2*y + 2*n - 108 = 0, 3*y - 4*n - 91 - 57 = 0. List the prime factors of y.
2, 13
Let m = -6 + 47. List the prime factors of m.
41
Let p(q) = 42*q**3 - q**2 - q + 1. List the prime factors of p(1).
41
Let h(a) = 173*a**2 - a - 1. List the prime factors of h(1).
3, 19
Suppose a = -2*d - 3*a + 10, 4*d + 3*a = 15. Suppose 3*c - 49 = -5*o, -d*c + 52 = c + 4*o. Suppose c*m - 5*m - 36 = 0. What are the prime factors of m?
2, 3
Suppose -x - 4 = -4*g, x + 2*g - 32 = 4*x. List the prime factors of x/(-8)*(-460)/(-15).
2, 23
Let m(y) = -31*y - 5. What are the prime factors of m(-2)?
3, 19
Let i(h) = h**3 - h**2 + h + 8. Let l be i(0). Suppose 0 = 7*n - 5*n - l. List the prime factors of n.
2
Let r(b) = b**3 + 5*b**2 + 3*b + 3. List the prime factors of r(-4).
7
Let b(u) = u**2 + u - 1. Let w be b(2). Suppose w*d = 3*d - 3*q + 89, -3*q - 22 = -d. List the prime factors of d.
37
Let s(t) = -t**2 - t + 40. What are the prime factors of s(0)?
2, 5
Suppose 0 = -v + 3*v + 2. Let k be v/(-3) - (-56)/3. Suppose -k = -3*f + 8. List the prime factors of f.
3
Let a be ((-30)/9)/(2/(-3)). Suppose -4*g + y = -49, 0 = a*g - 4*g - y - 10. Let s = g + -6. List the prime factors of s.
7
Let l = 0 - -3. Suppose 0 = -4*d + l*d - 10. Let q = d + 18. List the prime factors of q.
2
Let t(y) = -y**3 - y**2 - 4*y. What are the prime factors of t(-3)?
2, 3, 5
Let m = 105 + -73. List